factor of 6640067?
False
Is 297671106 a multiple of 250?
False
Does 1212 divide 2544346?
False
Is 628180944 a multiple of 921?
True
Does 12 divide 259289748?
True
Is 325 a factor of 537311450?
True
Is 126709466 a multiple of 442?
True
Is 232 a factor of 48772432?
True
Does 452 divide 1247054985?
False
Is 1204 a factor of 32263588?
True
Is 5407208 a multiple of 23?
True
Is 50115853 a multiple of 85?
False
Is 828 a factor of 75236220?
True
Is 707369679 a multiple of 123?
True
Is 30722235 a multiple of 8?
False
Does 12 divide 69823068?
True
Is 12 a factor of 253692433?
False
Is 979 a factor of 31192630?
False
Is 10 a factor of 66692984?
False
Is 10804438 a multiple of 1721?
True
Does 427 divide 1361247391?
True
Is 2132 a factor of 108674436?
True
Is 68202150 a multiple of 2270?
True
Does 498 divide 14582436?
True
Does 179 divide 112009071?
True
Is 4643316216 a multiple of 646?
True
Is 61 a factor of 120179784?
False
Is 1617738403 a multiple of 1380?
False
Does 514 divide 5645618150?
False
Does 58 divide 46523692?
False
Does 42 divide 3168861738?
True
Does 32 divide 9080201?
False
Is 74677182 a multiple of 2998?
True
Is 71 a factor of 5928461?
False
Is 3170477673 a multiple of 257?
True
Is 1448744831 a multiple of 1809?
False
Is 12 a factor of 102840?
True
Is 156 a factor of 6438744?
True
Does 3 divide 5476823?
False
Does 615 divide 3118368?
False
Is 4303 a factor of 337857154?
False
Does 2 divide 191043705?
False
Does 433 divide 86167?
True
Is 16 a factor of 522480?
True
Is 6031 a factor of 783402776?
True
Does 20 divide 54138520?
True
Is 13787040 a multiple of 40?
True
Does 11 divide 838024509?
False
Is 422 a factor of 18736800?
True
Is 7328 a factor of 1571460288?
True
Is 293277540 a multiple of 17?
True
Does 3648 divide 368918592?
True
Does 289 divide 237258118?
False
Is 19226699 a multiple of 11?
False
Does 35 divide 846487744?
False
Is 266353179 a multiple of 7?
False
Is 13061762 a multiple of 9?
False
Does 381 divide 1542217515?
True
Is 219 a factor of 949225059?
True
Is 1628 a factor of 202153644?
True
Does 145 divide 168439830?
True
Is 19 a factor of 12326813?
False
Is 4447726 a multiple of 85?
False
Is 1292 a factor of 252402120?
False
Does 73 divide 951781?
False
Is 2673579990 a multiple of 17?
False
Is 204 a factor of 35762628?
True
Does 115 divide 433291020?
True
Is 30 a factor of 11521350?
True
Is 18 a factor of 37247634?
True
Does 1244 divide 225762364?
True
Is 1691 a factor of 558362019?
False
Is 56538067 a multiple of 45?
False
Does 15 divide 33379872?
False
Is 699328756 a multiple of 7?
True
Is 13 a factor of 154995750?
True
Is 4407357824 a multiple of 1636?
True
Is 4040 a factor of 5133340?
False
Does 44 divide 126879632?
True
Does 20 divide 78216780?
True
Is 6325687298 a multiple of 232?
False
Does 197 divide 2458166?
True
Is 542412672 a multiple of 758?
True
Is 268 a factor of 48900084?
True
Is 4039259 a multiple of 915?
False
Is 271132197 a multiple of 2261?
False
Is 5049236 a multiple of 46?
True
Is 22874214 a multiple of 646?
True
Does 23 divide 84067691?
True
Is 27485704 a multiple of 76?
True
Is 55671053 a multiple of 44?
False
Is 25582330 a multiple of 59?
False
Is 30 a factor of 11353920?
True
Is 2507 a factor of 18963221?
False
Is 96 a factor of 709326912?
True
Is 16 a factor of 3915111484?
False
Does 10 divide 11743540?
True
Does 155 divide 78386843?
False
Is 350 a factor of 623573?
False
Does 8583 divide 4580077626?
True
Is 19 a factor of 9158981?
False
Is 31428258 a multiple of 106?
True
Is 916 a factor of 26071192?
True
Is 106099391 a multiple of 2077?
True
Is 2989 a factor of 70719740?
True
Does 2444 divide 215560800?
True
Does 14 divide 54001220?
True
Is 4719266 a multiple of 19?
False
Is 136 a factor of 1278202256?
True
Does 3012 divide 102579684?
True
Does 646 divide 3391500?
True
Is 67496772 a multiple of 636?
True
Is 13223316 a multiple of 113?
False
Is 490 a factor of 97719230?
True
Is 76 a factor of 1458652763?
False
Is 58 a factor of 25403304?
True
Does 414 divide 1546814657?
False
Does 165 divide 356964539?
False
Is 3714475937 a multiple of 1274?
False
Is 165 a factor of 4526999235?
True
Is 25 a factor of 44092900?
True
Is 1665353225 a multiple of 682?
False
Is 286534560 a multiple of 470?
True
Does 346 divide 21232982?
True
Is 74 a factor of 242833812?
True
Is 623 a factor of 60508252?
True
Is 56691400 a multiple of 795?
False
Is 1232 a factor of 348247115?
False
Is 1319 a factor of 121748440?
False
Is 327 a factor of 114639506?
False
Does 434 divide 331903670?
True
Is 335261340 a multiple of 20?
True
Does 1553 divide 3869515123?
False
Is 31147688 a multiple of 1672?
True
Is 191 a factor of 121308899?
False
Is 54008419 a multiple of 112?
False
Is 3651100346 a multiple of 14941?
False
Is 218 a factor of 665372912?
False
Is 9300868 a multiple of 31?
True
Is 37 a factor of 183286269?
False
Does 46 divide 109004682?
True
Is 3625 a factor of 1542075000?
True
Is 18912220 a multiple of 2983?
True
Does 530 divide 64806897?
False
Is 3652416 a multiple of 144?
True
Is 57378211 a multiple of 43?
True
Is 26916890 a multiple of 143?
True
Is 58 a factor of 899615784?
False
Does 66 divide 49789542?
True
Does 14 divide 174208371?
False
Is 112 a factor of 79553795?
False
Does 29 divide 738939807?
True
Is 4553 a factor of 113651986?
True
Is 1706769877 a multiple of 307?
True
Does 1335 divide 2427030?
True
Is 7 a factor of 196856086?
True
Is 15258324 a multiple of 12?
True
Is 20482430 a multiple of 89?
False
Does 1909 divide 262434048?
True
Is 22 a factor of 2060042241?
False
Does 57 divide 570954030?
False
Is 79 a factor of 850281977?
True
Does 2053 divide 72456791?
False
Does 1805 divide 5922205?
True
Does 27 divide 3396492?
True
Does 228 divide 33962145?
False
Is 2238512 a multiple of 711?
False
Is 64 a factor of 127221286?
False
Does 841 divide 12824351?
False
Is 3003787 a multiple of 3?
False
Does 13 divide 1098001?
False
Is 249 a factor of 514667064?
True
Does 18 divide 16252216?
False
Is 72230000 a multiple of 124?
True
Is 23952240 a multiple of 180?
True
Is 3819 a factor of 1173188373?
False
Is 12 a factor of 41692512?
True
Does 2 divide 466067257?
False
Is 3808 a factor of 422727652?
False
Does 415 divide 367249685?
True
Is 76190280 a multiple of 681?
True
Does 91 divide 35560161?
True
Is 385006644 a multiple of 11?
True
Is 750 a factor of 57554030?
False
Does 191 divide 14068296?
True
Is 232 a factor of 7407164?
False
Does 99 divide 36447939?
True
Does 33 divide 212625270?
True
Does 523 divide 169830652?
True
Is 75128232 a multiple of 463?
True
Is 19407108 a multiple of 81?
False
Does 10 divide 513495159?
False
Does 3 divide 22075480?
False
Is 504 a factor of 425659138?
False
Does 1102 divide 56894056?
True
Does 50 divide 1633848?
False
Does 2472 divide 82344792?
True
Does 103 divide 2246752802?
True
Does 57 divide 132264184?
False
Is 174364710 a multiple of 130?
True
Does 11 divide 420209?
False
Is 161136992 a multiple of 2277?
False
Is 1143153 a multiple of 353?
False
Is 96538988 a multiple of 368?
False
Does 2563 divide 47138666?
False
Is 81223032 a multiple of 481?
False
Does 804 divide 108812287?
False
Is 2603787518 a multiple of 1744?
False
Is 391 a factor of 2029492538?
True
Is 419551632 a multiple of 8?
True
Is 64548792 a multiple of 27?
True
Is 23616720 a multiple of 240?
True
Does 77 divide 14797166?
False
Is 2112158 a multiple of 882?
False
Is 27131720 a multiple of 616?
True
Is 47 a factor of 295175134?
True
Does 1172 divide 145367848?
True
Is 624 a factor of 2634471589?
False
Does 6847 divide 2406275445?
True
Is 7235523 a multiple of 9?
True
Is 779701767 a multiple of 219?
False
Is 51 a factor of 2140170874?
False
Is 51 a factor of 12212766?
True
Is 12 a factor of 4011564?
True
Is 1072536015 a multiple of 4299?
True
Is 1237064192 a multiple of 128?
True
Does 283 divide 26264807?
False
Is 88584855 a multiple of 15?
True
Is 27865750 a multiple of 22?
True
Is 15 a factor of 648163686?
False
Is 617889385 a multiple of 5?
True
Is 5362674 a multiple of 8?
False
Does 46 divide 88606654?
False
Does 3 divide 6488034?
True
Is 83 a factor of 96714671?
True
Is 376503336 a multiple of 1266?
True
Is 845 a factor of 142230473?
False
Does 3372 divide 1243284705?
False
Is 13 a factor of 3112047731?
True
Is 11374